01 + 40?
-111
In base 15, what is 4 - -2406?
240a
In base 8, what is 5 - 6044?
-6037
In base 5, what is 11300 + 10?
11310
In base 5, what is 4232 + 3?
4240
In base 4, what is 11 + -123323?
-123312
In base 12, what is -76b - 1?
-770
In base 4, what is -123 - 32?
-221
In base 2, what is 1111 - 1101111?
-1100000
In base 16, what is 1 - -1f?
20
In base 9, what is -115 + -4?
-120
In base 5, what is 132 - 20?
112
In base 15, what is 5980 + 1?
5981
In base 10, what is 414 - 0?
414
In base 10, what is 0 - -126?
126
In base 13, what is -3 - -1a0?
19a
In base 6, what is -143005 - 3?
-143012
In base 12, what is 1 - 347?
-346
In base 3, what is -11121 + 2012?
-2102
In base 11, what is 5 - 63?
-59
In base 4, what is -1301 + -23?
-1330
In base 16, what is -1f + -4?
-23
In base 15, what is 1 + -7?
-6
In base 9, what is 160 + -146?
13
In base 11, what is -74 + 5?
-6a
In base 4, what is 202 - 3?
133
In base 10, what is -54 + -13?
-67
In base 13, what is 5 - -35?
3a
In base 8, what is -3 + 6563?
6560
In base 5, what is 23232 - -11?
23243
In base 7, what is 12 - 102?
-60
In base 4, what is -3 - -11?
2
In base 9, what is -185 + -40?
-235
In base 15, what is -16 - 4?
-1a
In base 5, what is -401 + 22?
-324
In base 15, what is -e5 - -2?
-e3
In base 13, what is 130 + 2?
132
In base 15, what is 144 + -5?
13e
In base 4, what is 202 + -102?
100
In base 12, what is -a - -84?
76
In base 3, what is 211210 + -210?
211000
In base 11, what is -aa - -26?
-84
In base 11, what is -934 + 5?
-92a
In base 5, what is 342 - -1?
343
In base 7, what is -1 + 212?
211
In base 13, what is -9 + b?
2
In base 7, what is -110 - 150?
-260
In base 6, what is -100 + 333?
233
In base 15, what is -1045 + 2?
-1043
In base 13, what is -4c0 + 4?
-4b9
In base 4, what is -1210331 - -11?
-1210320
In base 12, what is -48 - -1b?
-29
In base 6, what is 155 + 153?
352
In base 12, what is -3661 + 5?
-3658
In base 15, what is 1b7 + -2?
1b5
In base 13, what is -26 - -c8?
a2
In base 6, what is 23 - -1220?
1243
In base 11, what is 5 - -105?
10a
In base 10, what is -1174 + 3?
-1171
In base 11, what is 4 + 572?
576
In base 12, what is a32 + 3?
a35
In base 9, what is -6 + -18?
-25
In base 11, what is 21 + -285?
-264
In base 13, what is 11 - 28?
-17
In base 7, what is 120 + 30?
150
In base 3, what is 220221 + -12?
220202
In base 9, what is 25 - -60?
85
In base 9, what is -42 + 361?
318
In base 5, what is -3 + 240?
232
In base 13, what is 757 - -2?
759
In base 13, what is 2a + -5?
25
In base 4, what is 31 - 322?
-231
In base 11, what is 1 + -593?
-592
In base 16, what is -70e - 3?
-711
In base 13, what is -4 - -575?
571
In base 7, what is 6 + -5?
1
In base 16, what is 1 - -43?
44
In base 7, what is 4101 + -3?
4065
In base 10, what is -7804 + 3?
-7801
In base 6, what is 45 - -2131?
2220
In base 2, what is -110100 - 1001?
-111101
In base 8, what is 6 - -3113?
3121
In base 13, what is 4c9 - 5?
4c4
In base 16, what is 1 + -3d?
-3c
In base 4, what is 103 - -221?
330
In base 2, what is 0 - 101111010?
-101111010
In base 12, what is -b0 + -14?
-104
In base 3, what is 110 + -1022?
-212
In base 16, what is 3a - -c?
46
In base 13, what is -33 + 28?
-8
In base 16, what is -144 + -4?
-148
In base 4, what is -3 + 13131?
13122
In base 6, what is 1 + 42?
43
In base 5, what is 4 + -12?
-3
In base 3, what is -111 + 1010010?
1002122
In base 7, what is -2166 - 1?
-2200
In base 3, what is 10220 + 11?
11001
In base 3, what is -1101011 + 0?
-1101011
In base 11, what is -737 - -4?
-733
In base 11, what is 1 + 4?
5
In base 2, what is -110 + -101001111111?
-101010000101
In base 15, what is -c1c - -1?
-c1b
In base 15, what is -d - 2?
-10
In base 15, what is -11cc + -4?
-11d1
In base 3, what is -120 - -212000?
211110
In base 12, what is -770 + 3?
-769
In base 10, what is -5 - -87?
82
In base 2, what is -101001 - -1?
-101000
In base 7, what is 46 + -204?
-125
In base 9, what is -127 + -3?
-131
In base 3, what is 101021 + -111?
100210
In base 16, what is -178 + -2?
-17a
In base 7, what is 44 - 5?
36
In base 11, what is 3 - 175?
-172
In base 11, what is 193 + 5?
198
In base 15, what is b4 - 2?
b2
In base 3, what is -22 + 1002?
210
In base 12, what is 64 - 11?
53
In base 10, what is 108 - -24?
132
In base 7, what is -3 + -62?
-65
In base 10, what is 749 - 0?
749
In base 7, what is 3 + -145?
-142
In base 4, what is 11311 - 2?
11303
In base 7, what is -3 - 1634?
-1640
In base 11, what is -11 - 7?
-18
In base 12, what is 10 + -75?
-65
In base 13, what is 5b - 57?
4
In base 2, what is -1000001 + 1010?
-110111
In base 16, what is 2 + 5?
7
In base 8, what is -655 - 4?
-661
In base 13, what is 5 - 128?
-123
In base 8, what is -7023 + 1?
-7022
In base 11, what is -70a - 0?
-70a
In base 4, what is 12203022 - -3?
12203031
In base 8, what is 2 + -102?
-100
In base 12, what is -1248 - 1?
-1249
In base 3, what is -11 + 2100?
2012
In base 12, what is -1bb + 0?
-1bb
In base 13, what is -1cb + -8?
-206
In base 15, what is 2 - 56a?
-568
In base 5, what is 10 - 323?
-313
In base 15, what is 4 - -51?
55
In base 14, what is a + -3b?
-31
In base 15, what is -3803 + -4?
-3807
In base 6, what is -133 + -5?
-142
In base 5, what is -33 - 20?
-103
In base 6, what is 1 + -5352?
-5351
In base 15, what is 3 - 75?
-72
In base 6, what is 0 - 15505?
-15505
In base 10, what is -2 - 7?
-9
In base 10, what is -22 - 9?
-31
In base 16, what is 83 - 0?
83
In base 13, what is 16 - 3?
13
In base 14, what is 4 + d66?
d6a
In base 7, what is 5 + -103?
-65
In base 12, what is -5 - -57?
52
In base 12, what is -20 - -473?
453
In base 9, what is -3 + -51?
-54
In base 7, what is 4 + -2633?
-2626
In base 3, what is -12 - 210010?
-210022
In base 13, what is -1 + -c1?
-c2
In base 9, what is -8 + 4?
-4
In base 8, what is 5 + 43?
50
In base 7, what is -25 + -16?
-44
In base 6, what is 20230 - 10?
20220
In base 13, what is 2 - b?
-9
In base 8, what is -7 - 43?
-52
In base 9, what is -3 + 1663?
1660
In base 13, what is -81 - 3?
-84
In base 9, what is 28 - -547?
576
In base 5, what is 3 + 233?
241
In base 8, what is -4 + -112?
-116
In base 3, what is 1111 + 2?
1120
In base 11, what is 106 + -5?
101
In base 6, what is 155 + 4?
203
In base 6, what is -5 + 143?
134
In base 13, what is 3 + -148?
-145
In base 11, what is -4 - 346?
-34a
In base 5, what is 124 - 41?
33
In base 12, what is 3 + 381?
384
In base 8, what is -40 + 55?
15
In base 9, what is 2877 + 5?
2883
In base 10, what is -1339 + -2?
-1341
In base 11, what is 1 + -545?
-544
In base 11, what is 8 - -84?
91
In base 11, what is -2844 + 2?
-2842
In base 3, what is 1 + 11?
12
In base 5, what is 4 + 1034?
1043
In base 4, what is -1 - 30230?
-30231
In base 2, what is -10000100 + 1000?
-1111100
In base 14, what is 3 - 1087?
-1084
In base 3, what is 0 + -100121?
-100121
In base 10, what is -382 - -1?
-381
In base 2, what is 1000011111100110 + -10?
1000011111100100
In base 7, what is 244 - -3?
250
In base 12, what is 2 - 19?
-17
In base 2, what is 10101001 + -101?
10100100
In base 11, what is -478 + -23?
-4a0
In base 9, what is -3276 + -1?
-3277
In base 7, what is -104 + -64?
-201
In base 4, what is 0 + 1023?
1023
In base 3, what is 10 + -12201?
-12121
In base 9, what is 1333 - 3?
1330
In base 7, what is 10 - -4114?
4124
In base 15, what is 3e1 - -1?
3e2
In base 10, what is -671 - -3?
-668
In base 14, what is -72 + 3?
-6d
In base 11, what is -46 - 89?
-124
In base 3, what is 0 - -1010?
1010
In base 11, what is 1014 + -15?
aaa
In base 6, what is 414 + -24?
350
In base 5, what is -121 + 3?
-113
In base 2, what is 1101 + -111011?
-101110
In base 8, what is -6 + -3053?
-3061
In base 15, what is -5 + -b3?
-b8
In base 13, what is -3 + -13?
-16
In base 12, what is -995 - -3?
-992
In base 14, what is -512 + -2?
-514
In base 9, what is 0 - -1?
1
In base 14, what is -3059 + -4?
-305d
In base 16, what is 2 - 6a?
-68
In base 7, what is -2 + -223?
-225
In base 13, what is 0 + -313?
-313
In base 12, what is 1a12 - -3?
1a15
In base 15, what is -11b1 + 3?
-11ad
In base 9, what is -2005 + 1?
-2004
In base 4, what is 11 + 11113?
11130
In base 9, what is -1 - -270?
268
In base 6, what is 500 + -5?
451
In base 7, what is 2243 - -14?
2260
In base 15, what is -1 + 10c0?
10be
In base 9, what is 77 - -116?
204
In base 13, what is 9 + -50?
-44
In base 11, what is -3 - 155?
-1